{"id":78,"date":"2018-02-19T00:59:16","date_gmt":"2018-02-18T23:59:16","guid":{"rendered":"http:\/\/schreinerei-lanker.ch\/?page_id=78"},"modified":"2018-02-22T21:42:19","modified_gmt":"2018-02-22T20:42:19","slug":"fenster","status":"publish","type":"page","link":"https:\/\/schreinerei-lanker.ch\/?page_id=78","title":{"rendered":"Fenster"},"content":{"rendered":"<h3>Fenster<\/h3>\n<blockquote><p>Ob Holz, Holz\/Metall oder Kunststoff &#8211; f\u00fcr jeden Raum garantieren wir Ihnen qualitativ hochstehende Fenster.<\/p><\/blockquote>\n<p>&nbsp;<\/p>\n<p>&nbsp;<\/p>\n<h3>Beschattungen<\/h3>\n<blockquote><p>Sonnenschutz wie Rolll\u00e4den, Rollos oder Plissee &#8211; auf Mass f\u00fcr jedes Fenster.<\/p><\/blockquote>\n<p>&nbsp;<\/p>\n<p><code id=\"envira_shortcode_228\"><span style=\"font-family: Consolas;\"><div id=\"envira-gallery-wrap-231\" class=\"envira-gallery-wrap envira-gallery-theme-base envira-lightbox-theme-base\" itemscope itemtype=\"https:\/\/schema.org\/ImageGallery\"><div data-row-height=\"150\" data-gallery-theme=\"normal\" id=\"envira-gallery-231\" class=\"envira-gallery-public envira-gallery-justified-public envira-gallery-0-columns envira-clear enviratope envira-gallery-css-animations\" data-envira-columns=\"0\"><div id=\"envira-gallery-item-213\" class=\"envira-gallery-item enviratope-item envira-gallery-item-1 envira-lazy-load\" style=\"padding-left: 5px; padding-bottom: 10px; padding-right: 5px;\"  itemscope itemtype=\"https:\/\/schema.org\/ImageObject\"><div class=\"envira-gallery-item-inner\"><div class=\"envira-gallery-position-overlay  envira-gallery-top-left\"><\/div><div class=\"envira-gallery-position-overlay  envira-gallery-top-right\"><\/div><div class=\"envira-gallery-position-overlay  envira-gallery-bottom-left\"><\/div><div class=\"envira-gallery-position-overlay  envira-gallery-bottom-right\"><\/div><a href=\"https:\/\/schreinerei-lanker.ch\/wp-content\/uploads\/2018\/02\/img10.jpg\" class=\"envira-gallery-231 envira-gallery-link\" rel=\"enviragallery231\" title=\"img10\" data-envira-caption=\"img10\" data-envira-retina=\"\" data-thumbnail=\"\"  itemprop=\"contentUrl\"><img decoding=\"async\" id=\"envira-gallery-image-213\" class=\"envira-gallery-image envira-gallery-image-1 envira-normal envira-lazy\" data-envira-index=\"1\" src=\"https:\/\/schreinerei-lanker.ch\/wp-content\/uploads\/2018\/02\/img10-640x480.jpg\" data-envira-src=\"https:\/\/schreinerei-lanker.ch\/wp-content\/uploads\/2018\/02\/img10-640x480.jpg\" data-envira-gallery-id=\"231\" data-envira-item-id=\"213\" data-envira-caption=\"img10\" alt=\"\" title=\"img10\"  itemprop=\"thumbnailUrl\" data-envira-srcset=\"https:\/\/schreinerei-lanker.ch\/wp-content\/uploads\/2018\/02\/img10-640x480.jpg 400w,https:\/\/schreinerei-lanker.ch\/wp-content\/uploads\/2018\/02\/img10-640x480.jpg 2x\" data-envira-width=\"300\" data-envira-height=\"225\" srcset=\"data:image\/gif;base64,R0lGODlhAQABAIAAAP\/\/\/\/\/\/\/yH5BAEKAAEALAAAAAABAAEAAAICTAEAOw==\" data-safe-src=\"data:image\/gif;base64,R0lGODlhAQABAIAAAP\/\/\/\/\/\/\/yH5BAEKAAEALAAAAAABAAEAAAICTAEAOw==\" \/><\/a><\/div><\/div><div id=\"envira-gallery-item-214\" class=\"envira-gallery-item enviratope-item envira-gallery-item-2 envira-lazy-load\" style=\"padding-left: 5px; padding-bottom: 10px; padding-right: 5px;\"  itemscope itemtype=\"https:\/\/schema.org\/ImageObject\"><div class=\"envira-gallery-item-inner\"><div class=\"envira-gallery-position-overlay  envira-gallery-top-left\"><\/div><div class=\"envira-gallery-position-overlay  envira-gallery-top-right\"><\/div><div class=\"envira-gallery-position-overlay  envira-gallery-bottom-left\"><\/div><div class=\"envira-gallery-position-overlay  envira-gallery-bottom-right\"><\/div><a href=\"https:\/\/schreinerei-lanker.ch\/wp-content\/uploads\/2018\/02\/img11.jpg\" class=\"envira-gallery-231 envira-gallery-link\" rel=\"enviragallery231\" title=\"img11\" data-envira-caption=\"img11\" data-envira-retina=\"\" data-thumbnail=\"\"  itemprop=\"contentUrl\"><img decoding=\"async\" id=\"envira-gallery-image-214\" class=\"envira-gallery-image envira-gallery-image-2 envira-normal envira-lazy\" data-envira-index=\"2\" src=\"https:\/\/schreinerei-lanker.ch\/wp-content\/uploads\/2018\/02\/img11-640x480.jpg\" data-envira-src=\"https:\/\/schreinerei-lanker.ch\/wp-content\/uploads\/2018\/02\/img11-640x480.jpg\" data-envira-gallery-id=\"231\" data-envira-item-id=\"214\" data-envira-caption=\"img11\" alt=\"\" title=\"img11\"  itemprop=\"thumbnailUrl\" data-envira-srcset=\"https:\/\/schreinerei-lanker.ch\/wp-content\/uploads\/2018\/02\/img11-640x480.jpg 400w,https:\/\/schreinerei-lanker.ch\/wp-content\/uploads\/2018\/02\/img11-640x480.jpg 2x\" data-envira-width=\"300\" data-envira-height=\"225\" srcset=\"data:image\/gif;base64,R0lGODlhAQABAIAAAP\/\/\/\/\/\/\/yH5BAEKAAEALAAAAAABAAEAAAICTAEAOw==\" data-safe-src=\"data:image\/gif;base64,R0lGODlhAQABAIAAAP\/\/\/\/\/\/\/yH5BAEKAAEALAAAAAABAAEAAAICTAEAOw==\" \/><\/a><\/div><\/div><div id=\"envira-gallery-item-215\" class=\"envira-gallery-item enviratope-item envira-gallery-item-3 envira-lazy-load\" style=\"padding-left: 5px; padding-bottom: 10px; padding-right: 5px;\"  itemscope itemtype=\"https:\/\/schema.org\/ImageObject\"><div class=\"envira-gallery-item-inner\"><div class=\"envira-gallery-position-overlay  envira-gallery-top-left\"><\/div><div class=\"envira-gallery-position-overlay  envira-gallery-top-right\"><\/div><div class=\"envira-gallery-position-overlay  envira-gallery-bottom-left\"><\/div><div class=\"envira-gallery-position-overlay  envira-gallery-bottom-right\"><\/div><a href=\"https:\/\/schreinerei-lanker.ch\/wp-content\/uploads\/2018\/02\/img12.jpg\" class=\"envira-gallery-231 envira-gallery-link\" rel=\"enviragallery231\" title=\"img12\" data-envira-caption=\"img12\" data-envira-retina=\"\" data-thumbnail=\"\"  itemprop=\"contentUrl\"><img decoding=\"async\" id=\"envira-gallery-image-215\" class=\"envira-gallery-image envira-gallery-image-3 envira-normal envira-lazy\" data-envira-index=\"3\" src=\"https:\/\/schreinerei-lanker.ch\/wp-content\/uploads\/2018\/02\/img12-640x480.jpg\" data-envira-src=\"https:\/\/schreinerei-lanker.ch\/wp-content\/uploads\/2018\/02\/img12-640x480.jpg\" data-envira-gallery-id=\"231\" data-envira-item-id=\"215\" data-envira-caption=\"img12\" alt=\"\" title=\"img12\"  itemprop=\"thumbnailUrl\" data-envira-srcset=\"https:\/\/schreinerei-lanker.ch\/wp-content\/uploads\/2018\/02\/img12-640x480.jpg 400w,https:\/\/schreinerei-lanker.ch\/wp-content\/uploads\/2018\/02\/img12-640x480.jpg 2x\" data-envira-width=\"300\" data-envira-height=\"225\" srcset=\"data:image\/gif;base64,R0lGODlhAQABAIAAAP\/\/\/\/\/\/\/yH5BAEKAAEALAAAAAABAAEAAAICTAEAOw==\" data-safe-src=\"data:image\/gif;base64,R0lGODlhAQABAIAAAP\/\/\/\/\/\/\/yH5BAEKAAEALAAAAAABAAEAAAICTAEAOw==\" \/><\/a><\/div><\/div><\/div><\/div><noscript><img decoding=\"async\" src=\"https:\/\/schreinerei-lanker.ch\/wp-content\/uploads\/2018\/02\/img10.jpg\" alt=\"\" \/><img decoding=\"async\" src=\"https:\/\/schreinerei-lanker.ch\/wp-content\/uploads\/2018\/02\/img11.jpg\" alt=\"\" \/><img decoding=\"async\" src=\"https:\/\/schreinerei-lanker.ch\/wp-content\/uploads\/2018\/02\/img12.jpg\" alt=\"\" \/><\/noscript><\/span><\/code><\/p>\n<p>&nbsp;<\/p>\n","protected":false},"excerpt":{"rendered":"<p>Fenster Ob Holz, Holz\/Metall oder Kunststoff &#8211; f\u00fcr jeden Raum garantieren wir Ihnen qualitativ hochstehende Fenster. &nbsp; &nbsp; Beschattungen Sonnenschutz wie Rolll\u00e4den, Rollos oder Plissee &#8211; auf Mass f\u00fcr jedes Fenster. &nbsp; &nbsp;<\/p>\n","protected":false},"author":1,"featured_media":0,"parent":0,"menu_order":0,"comment_status":"closed","ping_status":"closed","template":"","meta":{"footnotes":""},"_links":{"self":[{"href":"https:\/\/schreinerei-lanker.ch\/index.php?rest_route=\/wp\/v2\/pages\/78"}],"collection":[{"href":"https:\/\/schreinerei-lanker.ch\/index.php?rest_route=\/wp\/v2\/pages"}],"about":[{"href":"https:\/\/schreinerei-lanker.ch\/index.php?rest_route=\/wp\/v2\/types\/page"}],"author":[{"embeddable":true,"href":"https:\/\/schreinerei-lanker.ch\/index.php?rest_route=\/wp\/v2\/users\/1"}],"replies":[{"embeddable":true,"href":"https:\/\/schreinerei-lanker.ch\/index.php?rest_route=%2Fwp%2Fv2%2Fcomments&post=78"}],"version-history":[{"count":7,"href":"https:\/\/schreinerei-lanker.ch\/index.php?rest_route=\/wp\/v2\/pages\/78\/revisions"}],"predecessor-version":[{"id":174,"href":"https:\/\/schreinerei-lanker.ch\/index.php?rest_route=\/wp\/v2\/pages\/78\/revisions\/174"}],"wp:attachment":[{"href":"https:\/\/schreinerei-lanker.ch\/index.php?rest_route=%2Fwp%2Fv2%2Fmedia&parent=78"}],"curies":[{"name":"wp","href":"https:\/\/api.w.org\/{rel}","templated":true}]}}